he highest common factor of v and 26?
13
Suppose -5*g = -5*m, 7*m - 4*m - 10 = g. Let j be ((-260)/(-4))/g - 3. Calculate the highest common divisor of 2 and j.
2
Let l be (-6 - -7) + (2 - (-2 - -4)). Let z be (-1 - -3)/(0 - (-1)/l). Calculate the highest common factor of z and 8.
2
Let q be (-2*(0 + 2))/(3/(-6)). Calculate the greatest common factor of 1 and q.
1
Let v(u) be the second derivative of -u**3/6 + u**2 - 5*u. Let n be v(5). Let o = n + 10. Calculate the highest common factor of o and 77.
7
Suppose -f + 5*t + 136 = 0, 5*f + 4*t - 399 - 310 = 0. Calculate the greatest common divisor of f and 188.
47
Suppose 13 = -3*l + 67. Calculate the highest common factor of 126 and l.
18
Let i = -16 - -56. Suppose 2*l = -3*w + 52, 22*l - 20*l = -4*w + 72. What is the highest common factor of i and w?
20
Let u(h) = -h**2 - 10*h - 4. Let r be u(-7). Let p = -7 - -10. Let o(a) = 6*a - 1. Let f be o(p). What is the greatest common divisor of r and f?
17
Let r be (-6)/20 + ((-7458)/60)/(-11). Calculate the greatest common divisor of r and 1859.
11
Let g(h) = -h**2 - 12*h - 13. Let m be g(-11). Let u = m + 7. Suppose 4*x = 6*x + 4*c - 218, u*c = 5*x - 470. Calculate the highest common factor of 11 and x.
11
Let a be (19 + 0)/1 + 0. Suppose -5*s + 30 = -160. What is the greatest common factor of s and a?
19
Let r be 1*(1 + 159*2). Suppose -4*z + 101 = 5*c, 0 = 2*z + 10*c - 12*c - 64. What is the highest common divisor of r and z?
29
Let r = -5918 + 5936. Let j be (2/(-4) - 0)*-48. Calculate the highest common factor of r and j.
6
Let p = -298 + 319. Calculate the greatest common divisor of p and 483.
21
Let c be (-4)/1 - (-60)/(-3). Let u = c + 29. What is the greatest common factor of u and 5?
5
Let x = -82 + -52. Let c = x + 550. Calculate the highest common factor of c and 52.
52
Suppose 2*w = 164 - 44. Calculate the highest common factor of w and 110.
10
Let m = 65 - -9. Suppose -3*l - 2*k + m = 0, -2*l + 3*l - 2*k = 14. What is the highest common divisor of 220 and l?
22
Suppose 0 = 4*j - 243 - 349. Let b = j - 76. Suppose -2*z - z = -72. Calculate the greatest common factor of b and z.
24
Suppose 5*b - 343 = -3*d + 4*b, 0 = d - 2*b - 119. What is the highest common divisor of d and 1265?
115
Let j(v) = -v + 111. Let l be j(-6). Calculate the highest common factor of l and 104.
13
Let p = 269 + -125. Let b(o) = -16*o. Let h be b(-1). Calculate the highest common factor of p and h.
16
Suppose -4*j = -3*y - 0*y + 60, 2*y + 2*j - 26 = 0. Let m be (-294)/63*((-3)/((-42)/(-100)) + 2). Calculate the greatest common factor of m and y.
8
Let p(c) = -115*c - 10. Let x be p(-4). What is the highest common factor of x and 50?
50
Let z(i) = -i**2 + 6*i - 2. Let t be z(4). Let s be (-8)/t - 56/(-6). Calculate the greatest common factor of s and 20.
4
Suppose 0 = -8*w + 11*w - 39. Suppose 3*a - 8*a = -q + w, -4*a - 8 = 0. What is the highest common divisor of 12 and q?
3
Suppose 181 = 5*u - 419. Let m = 155 - 104. Let n be (-2)/(-6) + 1207/m. What is the greatest common factor of u and n?
24
Suppose 19 = 6*i - 53. Suppose -8*b = -i*b + 20. Suppose m + p - 16 = 0, m + 21 = 4*p + 57. Calculate the highest common divisor of m and b.
5
Suppose 72 = 4*o + 232. Let d = 62 + o. Let u = 109 + -65. What is the greatest common divisor of d and u?
22
Let x = 1 + 72. Let k = 77 - x. What is the greatest common divisor of 52 and k?
4
Let p = 143 + -63. Let d be (0/8)/(1 + -2). Suppose 2*w = -d*w + 16. Calculate the greatest common factor of w and p.
8
Let u(w) = 17*w**2. Let g be u(-1). Let x(o) = 15*o - 5. Let f be x(6). Calculate the highest common divisor of f and g.
17
Let g = -359 - -855. What is the highest common factor of g and 16?
16
Let t be -3 + (-12)/(2/(-1)). Suppose -h = -5*f - 89, -2*h = -t*h + 2*f + 95. Calculate the highest common factor of h and 9.
9
Suppose 0 = -0*z + 3*z - 9. Suppose z*c + k + 220 - 1089 = 0, c + 5*k - 313 = 0. Calculate the highest common factor of 32 and c.
32
Suppose -4*t - 298 = -i, 0*i - 4*t - 1228 = -4*i. Calculate the highest common factor of 5 and i.
5
Let w be (-147)/(-28) + -2 - (-3)/4. Suppose -2*r - 2*y = 2, 0*r - 3*r + 3 = y. What is the greatest common divisor of r and w?
2
Let l be (810/(-75))/((-3)/1665*3). What is the highest common factor of l and 54?
54
Let c = 7 + -5. Let k be (c/2)/((-1)/(-13)). Suppose -5*b + 720 = -o, 4*b - 2*b = o + 291. What is the highest common factor of b and k?
13
Let m = 21 - 21. Suppose -3*c - 3*o + 129 = m, -3*o = 4*c - 5*o - 154. Calculate the greatest common divisor of 24 and c.
8
Let b be -54*(2 - (-8)/(-3)). What is the highest common divisor of b and 54?
18
Suppose 5*x = -3*x + 16. Let j be (x + 0)/((-9)/(-108)). What is the greatest common factor of 6 and j?
6
Suppose 5063*k + 15 = 5066*k. Suppose 0 = w + q - 24, 4*w - 4*q = -2*q + 72. What is the greatest common divisor of k and w?
5
Suppose -2*w = -q - 21, -6*w = -w + q - 56. Let j(d) = 4*d - 3. Let u be j(6). Let v = u + 1. What is the greatest common divisor of v and w?
11
Let h(o) = 31 - 23 - 3*o + 2*o. Let m be h(0). Suppose 352 = u + 3*u. What is the greatest common factor of m and u?
8
Suppose 956*r = 952*r + 336. Calculate the highest common factor of r and 21.
21
Let j be 55 - (-2 - (4 + -7)). Suppose 49 + 383 = o. What is the highest common factor of o and j?
54
Let u = -21 + 26. Suppose u*w - 77 = -4*f, -6*f + 2*f + w + 47 = 0. Calculate the highest common divisor of 104 and f.
13
Suppose 0 = 3*c + u - 9205, 9*c + 5*u = 5*c + 12277. Calculate the greatest common divisor of c and 52.
52
Let t be (3 + -6)/3 - 7. Let p be 6/t*16/(-6). Suppose 18 = -p*r + 5*r. Calculate the highest common factor of r and 12.
6
Suppose g = -3*m + 5*g + 90, -g = 4*m - 139. Let i(a) = -a**3 - 10*a**2 + 8*a - 16. Let p be i(-11). What is the greatest common factor of m and p?
17
Suppose 5*v = 20, 16*v - 12*v - 9 = m. Calculate the greatest common factor of m and 2.
1
Suppose 5*t - 8 = -4*k + 24, 0 = 3*t. Let q be (k/(-2))/(-2) - (-4 + -28). Calculate the greatest common divisor of q and 238.
34
Let r(z) = -z**2 + 25*z - 19. Let p be r(23). What is the greatest common divisor of p and 6?
3
Let w(f) = f**2 + 2*f + 3. Let n be w(-3). Suppose -i + n*i = 735. Let v(k) = 20*k**2 - 2*k + 3. Let h be v(1). Calculate the highest common factor of h and i.
21
Let x = 5979 - 2517. Let n be 2/(-5) + x/30. What is the greatest common divisor of n and 23?
23
Let m = -358 + 395. What is the highest common divisor of m and 703?
37
Let n(p) = 143*p**3 + 3*p**2 - 10*p + 9. Let b be n(1). What is the highest common divisor of 10 and b?
5
Let r(t) = 4*t**3 - t**2 - 5*t. Let d be r(5). Suppose -4*s + 197 = -3*q, -4*s + 6*q = 11*q - 205. Calculate the greatest common divisor of d and s.
50
Suppose -o = 3, 4*v + 2*o = -0*o + 3418. What is the greatest common divisor of 8 and v?
8
Let q(b) be the second derivative of -4*b**3/3 - 5*b**2/2 - 11*b. Let m be 9/(-6) + 5/(-10). Let o be q(m). Calculate the greatest common divisor of o and 121.
11
Let g(z) = 2*z**3 - 3*z**2 + 1. Let a be g(2). Suppose 7*t = a*t + 96. Let q = 16 + -10. Calculate the greatest common divisor of t and q.
6
Suppose 9*s + 22 + 50 = 0. Let f be (8/12)/(s/(-6) + -1). Calculate the highest common divisor of f and 10.
2
Suppose -w + 2 + 0 = 0, -8 = -k - 2*w. Suppose -k = 2*s + 2*s. Let n = 1 - s. What is the highest common divisor of 18 and n?
2
Let w be (-266)/(-6) - 2/6. Let h be (486/162)/((9/4)/3). What is the highest common factor of w and h?
4
Let c(b) = b**2 - b - 15. Suppose 5*i - 1 = -v - 24, -4*i - 5*v - 10 = 0. Let w be c(i). Calculate the highest common divisor of w and 165.
15
Let w be (12/(-10))/((-36)/240). Let m be w/20 + 6/(-15). Suppose -4*a + 4*o = -52, 0*o - 3*o + 15 = m. Calculate the highest common factor of 12 and a.
6
Let o be 5/(2*(-2)/(-4)). Suppose -f + 6*f = -4*m + 55, -4*f - 60 = -2*m. Calculate the highest common divisor of o and m.
5
Let j(p) = -3*p**3 - p**2 + 3*p + 4. Let r be j(-1). What is the greatest common divisor of r and 51?
3
Suppose -3*v + v + 4 = -2*z, 3*z - 4 = -2*v. Suppose o + b = 21, b - 1 = -z. Calculate the highest common factor of o and 20.
20
Let x = 19 + -15. Suppose x = -4*u + 4*t, -4*u + 2 = -t - 9. What is the greatest common factor of u and 44?